nd y.
20
Let g(q) = -2*q - 2. Let c be g(0). Let v be (3756/20)/3 + c/(-5). Suppose 3*y + 42 = 5*j, -2*j = -2*y - 6 - 10. What is the highest common divisor of j and v?
9
Let z(y) = 2*y**3 + 12*y**2 - 14*y + 4. Let n be z(-6). Calculate the highest common divisor of n and 352.
88
Let x = 15 + -39. Let g = 25 + x. Calculate the highest common divisor of g and 11.
1
Suppose -3*m = -2*m - 3*i - 141, 5*m = 4*i + 672. Let w = -131 + m. What is the highest common factor of w and 19?
1
Suppose 4*i - 56 - 104 = 0. Let o = -350 - -358. What is the greatest common divisor of o and i?
8
Let z be 46/10 - 32/(-80). Let q(i) = -28*i + 1. Let w be q(-3). Calculate the highest common divisor of w and z.
5
Suppose 24*f = 9*f + 480. What is the highest common divisor of 1 and f?
1
Suppose -11*x + 23 = -21. Calculate the highest common divisor of 12 and x.
4
Let w(l) be the third derivative of l**6/120 - l**5/10 - l**3 - 5*l**2. Let a be w(6). Let y be 6*(2 - 148/a). What is the highest common divisor of y and 20?
20
Let o = -10 - -12. Suppose 4*p = -o*u + 1052, -1054 = -0*p - 4*p - u. What is the highest common factor of p and 24?
24
Let v(i) = 7*i**2 - 7*i + 10. Let q be v(-6). Let j be 1 + q + -3 + 4. Let f(z) = -4*z - 2. Let a be f(-9). Calculate the greatest common factor of a and j.
34
Let l be (0 - -3)*2/(-6). Let d be l*16/(-12)*12. Suppose -8*t = 2*b - 4*t - d, 5*b + 4*t = 64. Calculate the greatest common divisor of b and 144.
16
Suppose -3*w + n + 51 = 0, -w - 2*w - 2*n + 60 = 0. Let f(l) = -l**2 - 23*l - 4. Let a be f(-13). What is the highest common factor of w and a?
18
Suppose 656 + 294 = 38*d. What is the greatest common factor of d and 3175?
25
Let p(q) = -q**3 - 4*q**2 + q - 4. Let c be p(-5). Let a be (72/15)/(45/150). Calculate the highest common factor of c and a.
16
Let y be (-72)/54 + (-110)/(-6). Calculate the greatest common factor of y and 8.
1
Suppose -178 + 3 = -5*o. Suppose 70 = 5*a + 4*i, a = -i - 3*i + 14. Calculate the greatest common divisor of o and a.
7
Let q = -255 + -105. Let i be (-18)/(-4)*q/(-54). Let p = i - 19. Calculate the greatest common divisor of 88 and p.
11
Suppose -3*i + 0*i = 144. Let w = 64 - i. Let k(a) = 44*a - 162. Let m be k(4). Calculate the highest common divisor of m and w.
14
Let w = 1026 + -970. What is the highest common divisor of w and 40?
8
Suppose -4*r - 2*h = -3*r - 16, -3*r + 32 = 2*h. Suppose -l = l - r. Suppose j + 0*j - l = 0. Calculate the highest common factor of j and 8.
4
Let o(a) = -a + 3. Let q be o(2). Suppose 3*r + 2*b + 112 = 131, -1 = r - 3*b. What is the greatest common divisor of q and r?
1
Let o = -107 + 133. Calculate the highest common factor of 6 and o.
2
Let g = 193 - 169. Calculate the highest common factor of 248 and g.
8
Suppose -4*p = 4*r - 3*p - 20, 16 = r + 3*p. Let l = 369 - 362. Let c be r + -2 - (-8 - l). What is the highest common factor of 17 and c?
17
Let c(x) = x**3 + 27*x**2 + 24*x + 48. Let u be c(-26). Calculate the highest common factor of 75 and u.
25
Suppose -n + 3*n + 200 = 4*j, -n = -j + 50. Let r be (-6)/(-27) - j/(-18). Suppose r*o = -4*o + 35. Calculate the greatest common divisor of o and 40.
5
Let p be (18/10 + -3)*(-100)/8. Calculate the greatest common divisor of 125 and p.
5
Let s = 859 - 850. Calculate the highest common divisor of 36 and s.
9
Let t = 1 - -13. Suppose 4*a + 51 = 171. Let i = a - t. Calculate the highest common divisor of i and 8.
8
Suppose -h = -4*n - 0*h + 394, h = 2*n - 196. Let o = -74 + 117. Suppose -2*l - 5*m = -o, -5*l + 3*m + 3 = -3*l. What is the greatest common divisor of n and l?
9
Suppose 11*w - 79 = 9. Let i be w/(-28) + 867/21. What is the greatest common factor of 369 and i?
41
Let i(y) = 67*y - 620. Let v be i(20). Calculate the greatest common divisor of 200 and v.
40
Let n be (40/3)/(43/387). Calculate the greatest common factor of 56 and n.
8
Suppose 2*z + 0*z = 0. Suppose 5*w = 4*u + 2, -w + 4*u = -z*w - 10. Let d be (-22)/(w + 6/4). What is the highest common factor of 66 and d?
22
Let o(g) = 17 - 4 + 25*g + 43*g. Let l be o(3). What is the greatest common divisor of l and 31?
31
Let i(q) = -2*q**3 + q**2 + 7*q + 6. Let h be i(-1). Let c be (-15 - (-1 - -1))*-1. Suppose h*m - m = c. Calculate the highest common factor of 165 and m.
15
Suppose -3*g + 272 = -5*c, -2*c = g - 2*g + 89. Let f = g - -29. What is the greatest common factor of 32 and f?
32
Suppose 3*o = -2*p + 1014, 3*o - 507 = -47*p + 46*p. What is the highest common factor of p and 195?
39
Suppose -2*h + 4 = -u - 3*u, 5*h + 35 = -5*u. Let s(m) = -13*m - 3. Let p be s(u). What is the greatest common factor of p and 36?
36
Let a be 26 - (6/(-2) - -2). Let h = -237 + 534. What is the greatest common factor of a and h?
27
Let i be (60/(-16) - -4)/(1/20). Let m(p) = 7*p**3 - 2*p**2 - 3*p + 3. Let o be m(2). Calculate the greatest common factor of i and o.
5
Let t = -586 + 1103. What is the highest common factor of 423 and t?
47
Let q = -10 - -15. Let d be (-6)/q*(-4 + -51). Calculate the greatest common factor of d and 44.
22
Let s(p) = 238*p - 13. Let l be s(5). Suppose 1 = -f, -2*f - 557 = -4*g + l. Let m = g + -272. What is the greatest common divisor of 23 and m?
23
Suppose -r + 4*l + 36 = 0, -2*r + r + 46 = l. Let i be r/14 + (-1)/7. What is the highest common factor of 12 and i?
3
Suppose -3*p + 2 = -34. Let o = p - 11. What is the greatest common divisor of 1 and o?
1
Let k be (-6 - 6)/(-4) + 123. What is the highest common divisor of k and 18?
18
Let d = -381 - -539. Suppose -b + d = 4*z + b, 0 = -3*z - 5*b + 122. What is the greatest common factor of z and 156?
39
Suppose -5*c + 32 = -n, -4 = -13*n + 15*n. Let s be (90/(-25))/(2/(-10)). Calculate the greatest common factor of c and s.
6
Suppose 0*p + 5*p = 10. Let n = p - -2. Suppose 4 = -n*a - 4*b, -5*a + b + 15 + 10 = 0. Calculate the highest common factor of a and 28.
4
Let j be (2 + -3)*1*20. Suppose -1 = 2*h + b, -3*h + 4*b + 9 - 27 = 0. Let n be h/5 - 3208/j. Calculate the greatest common divisor of n and 64.
32
Let m = 513 + -349. Suppose 3*p + 808 = 3*i - m, -5*i + 3*p + 1610 = 0. Suppose 97 = 19*n - 454. What is the highest common divisor of n and i?
29
Suppose -12*k = -11*k - 56. Suppose q - k = -0*q. Calculate the greatest common factor of q and 140.
28
Let f be (5 - 1) + -4 - -396. Suppose -x - 2*n - 76 = -3*x, 148 = 4*x - 2*n. What is the highest common factor of f and x?
36
Let r(q) = 27*q + 27. Let s be r(5). Let b(m) = 5*m + 3. Let l be b(3). Calculate the highest common divisor of s and l.
18
Let k be (-1120)/(-6) + (-2)/(-6). Suppose 5*n + 4*t - 89 = 0, 6*n - 4*n = -2*t + 36. What is the greatest common divisor of k and n?
17
Let t(i) = -3*i**3 - 5*i - 5. Let w be -2*2/(5 - 3). Let s be t(w). What is the greatest common factor of 232 and s?
29
Let t be -6 - (6*-4)/2. Suppose -p + 23 = 4*a, -2*p + 2 = -4*a + 16. Suppose -5*i - 4 = -5*w - 24, -i = a*w - 4. What is the greatest common factor of i and t?
2
Let f = -1359 + 1531. What is the greatest common factor of 36 and f?
4
Suppose 9*x - 1005 = 2757. Calculate the greatest common factor of x and 44.
22
Suppose -2*d + 43 = -95*q + 98*q, 2*q - 2*d = 32. What is the highest common divisor of q and 615?
15
Let t = -167 - -237. Suppose m - t = 40. Calculate the highest common factor of 22 and m.
22
Suppose 5*r - 17 = 8. Suppose 0 = 3*c + 4*w - 98, 0 = r*w - w + 4. Suppose a = -a - m + 16, 4*m - c = -3*a. Calculate the highest common factor of 18 and a.
6
Suppose 0 = 3*s + 62 + 67. Let c = -33 - s. Calculate the greatest common divisor of c and 2.
2
Let o(l) = -l**2 + 4*l**2 - l + 0*l - 1 - l**2 + 3*l**3. Let s be o(1). What is the highest common factor of s and 3?
3
Let k = 268 + 939. What is the greatest common divisor of 142 and k?
71
Let r = 153 + -86. Calculate the highest common factor of r and 335.
67
Let l = -153 - -138. Let o be 2/(-4)*l*(6 + -2). What is the greatest common factor of 30 and o?
30
Suppose -5*h + 4*h = -125. Let t = 103 + -78. What is the greatest common factor of t and h?
25
Let d = 236 - -50. What is the greatest common divisor of d and 26?
26
Suppose -z + 6*z = 185. Suppose -x + z = 4*x - g, 5*g = -10. Calculate the highest common divisor of x and 35.
7
Let z be -12*(5 - 2)*-1. Let g be 18 + 45/15 - 13